tor of 81 and 6075.
81
What is the greatest common divisor of 25764 and 57?
57
Calculate the greatest common divisor of 26 and 1742.
26
Calculate the highest common factor of 38 and 19.
19
What is the highest common divisor of 945 and 42?
21
Calculate the highest common factor of 11 and 32373.
11
What is the greatest common divisor of 128 and 26240?
128
Calculate the greatest common factor of 2637 and 27.
9
What is the greatest common divisor of 1961 and 37?
37
Calculate the highest common divisor of 1472 and 15824.
368
What is the highest common divisor of 33 and 5489?
11
What is the highest common factor of 7168 and 1232?
112
Calculate the greatest common factor of 8774 and 107.
107
What is the highest common divisor of 48 and 13392?
48
What is the highest common factor of 512 and 10624?
128
What is the greatest common divisor of 325 and 26?
13
Calculate the highest common factor of 450 and 350.
50
What is the highest common factor of 84 and 210?
42
Calculate the greatest common divisor of 1073 and 148.
37
What is the highest common factor of 44 and 12?
4
What is the greatest common factor of 1520 and 228?
76
Calculate the highest common factor of 6440 and 2.
2
What is the greatest common factor of 13 and 117?
13
Calculate the highest common factor of 496 and 112.
16
Calculate the greatest common factor of 888 and 264.
24
What is the highest common divisor of 1955 and 153?
17
Calculate the highest common divisor of 6 and 192.
6
What is the highest common factor of 285 and 10203?
57
What is the highest common divisor of 9056 and 32?
32
What is the greatest common divisor of 576 and 672?
96
What is the greatest common factor of 30 and 46?
2
Calculate the highest common factor of 1287 and 1872.
117
Calculate the greatest common divisor of 30 and 10.
10
What is the highest common factor of 105 and 231?
21
What is the greatest common factor of 26 and 6838?
26
What is the greatest common factor of 651 and 189?
21
Calculate the highest common factor of 1793 and 781.
11
What is the highest common factor of 5104 and 24?
8
Calculate the greatest common divisor of 493 and 136.
17
Calculate the greatest common factor of 782 and 92.
46
Calculate the greatest common factor of 73 and 949.
73
What is the highest common divisor of 530 and 290?
10
What is the highest common divisor of 34 and 8?
2
Calculate the greatest common factor of 216 and 675.
27
What is the highest common factor of 6 and 38?
2
Calculate the highest common divisor of 515 and 110.
5
What is the greatest common factor of 4 and 4852?
4
What is the greatest common factor of 2541 and 154?
77
What is the highest common factor of 1972 and 87?
29
What is the greatest common factor of 246 and 6?
6
What is the highest common divisor of 488 and 16?
8
What is the greatest common factor of 118 and 177?
59
What is the greatest common divisor of 494 and 171?
19
What is the greatest common divisor of 9 and 225?
9
What is the highest common factor of 17526 and 46?
46
What is the highest common factor of 2880 and 120?
120
What is the greatest common divisor of 2338 and 686?
14
Calculate the greatest common divisor of 2491 and 159.
53
What is the greatest common divisor of 610 and 170?
10
What is the greatest common factor of 33 and 6138?
33
Calculate the highest common divisor of 96 and 405.
3
Calculate the greatest common divisor of 40 and 57520.
40
Calculate the greatest common factor of 46 and 5980.
46
Calculate the greatest common divisor of 31 and 3.
1
What is the highest common factor of 40 and 15?
5
Calculate the greatest common factor of 82 and 205.
41
Calculate the greatest common divisor of 253 and 22.
11
What is the highest common divisor of 9 and 180?
9
What is the highest common factor of 3042 and 6318?
234
Calculate the highest common divisor of 196 and 224.
28
What is the highest common factor of 29 and 29?
29
What is the highest common factor of 138 and 2852?
46
Calculate the greatest common factor of 48 and 60.
12
What is the highest common factor of 4 and 15360?
4
What is the greatest common factor of 388 and 3298?
194
Calculate the greatest common divisor of 2155 and 5.
5
What is the greatest common divisor of 89 and 11392?
89
Calculate the greatest common factor of 5083 and 1495.
299
Calculate the highest common factor of 9980 and 220.
20
Calculate the highest common factor of 704 and 66.
22
Calculate the highest common divisor of 119 and 13.
1
What is the highest common divisor of 32 and 32?
32
What is the greatest common factor of 63 and 1743?
21
Calculate the highest common divisor of 297 and 45.
9
Calculate the greatest common factor of 22 and 3960.
22
Calculate the greatest common divisor of 11 and 4499.
11
What is the greatest common factor of 319 and 11?
11
Calculate the highest common factor of 364 and 14.
14
What is the greatest common factor of 1710 and 60?
30
Calculate the greatest common factor of 7 and 98.
7
What is the greatest common factor of 448 and 192?
64
Calculate the greatest common divisor of 261 and 812.
29
What is the greatest common factor of 112 and 4578?
14
Calculate the greatest common divisor of 648 and 252.
36
Calculate the greatest common divisor of 3232 and 505.
101
What is the greatest common factor of 3 and 147?
3
What is the greatest common factor of 16176 and 240?
48
What is the highest common divisor of 1532 and 28?
4
Calculate the greatest common factor of 39 and 336.
3
What is the highest common factor of 10 and 160?
10
What is the highest common divisor of 6 and 486?
6
Calculate the highest common divisor of 189 and 81.
27
What is the highest common divisor of 342 and 36?
18
What is the greatest common factor of 35 and 455?
35
What is the greatest common factor of 16 and 1936?
16
Calculate the highest common divisor of 35 and 15.
5
Calculate the highest common divisor of 7276 and 51.
17
What is the greatest common divisor of 70 and 763?
7
Calculate the greatest common factor of 55 and 44.
11
What is the greatest common divisor of 115 and 40?
5
Calculate the greatest common divisor of 14 and 5859.
7
Calculate the greatest common factor of 11705 and 15.
5
Calculate the highest common divisor of 664 and 8.
8
Calculate the greatest common factor of 12 and 96.
12
Calculate the greatest common factor of 39 and 3783.
39
Calculate the greatest common factor of 600 and 24.
24
Calculate the highest common divisor of 48 and 1164.
12
What is the greatest common factor of 37 and 2627?
37
Calculate the highest common divisor of 12 and 87.
3
What is the greatest common factor of 9159 and 129?
129
What is the highest common factor of 14190 and 120?
30
What is the greatest common factor of 68 and 20?
4
Calculate the greatest common divisor of 384 and 12.
12
Calculate the highest common factor of 57 and 1824.
57
Calculate the greatest common factor of 8203 and 13.
13
Calculate the highest common divisor of 114 and 6726.
114
Calculate the highest common factor of 1320 and 30.
30
What is the greatest common divisor of 63 and 162?
9
Calculate the greatest common factor of 70 and 160.
10
What is the greatest common divisor of 8130 and 30?
30
What is the highest common factor of 71 and 63971?
71
What is the greatest common factor of 195 and 6591?
39
Calculate the greatest common factor of 36273 and 1284.
321
Calculate the highest common divisor of 124 and 1333.
31
What is the highest common factor of 1488 and 48?
48
Calculate the highest common factor of 55 and 15235.
55
What is the highest common factor of 280 and 1600?
40
Calculate the highest common divisor of 14 and 25928.
14
What is the greatest common factor of 105 and 14415?
15
Calculate the highest common factor of 22 and 20.
2
Calculate the greatest common divisor of 1820 and 208.
52
Calculate the greatest common factor of 3 and 303.
3
Calculate the greatest common divisor of 580 and 940.
20
What is the greatest common factor of 34 and 34?
34
Calculate the greatest common factor of 15 and 35.
5
What is the highest common divisor of 918 and 578?
34
What is the greatest common divisor of 29 and 145?
29
What is the highest common factor of 176 and 9658?
22
What is the greatest common divisor of 12 and 18?
6
Calculate the highest common divisor of 28 and 11648.
28
What is the greatest common divisor of 18 and